m(t). Let s(a) = a**3 - 2*a**2 - a + 259. What is the units digit of s(r)?
9
Suppose -27*d - 185840 = -47*d. What is the tens digit of d?
9
Suppose -4*j + 2*j = -3*f - 4, 0 = -2*f - 2*j + 14. Suppose 25*o - 24*o + 1 = 0, -o = f*z - 1025. What is the units digit of z?
3
Suppose -4*s = 16*s - 78320. Suppose -3*c + s = g, -4*c + 7115 = 4*g + 1899. What is the units digit of c?
6
Suppose 5*n = v + 9 - 44, -2*v + n + 52 = 0. What is the thousands digit of 26235/v + -1 + (-4)/10?
1
What is the hundreds digit of (20/9 - (-10)/(-45)) + 12402/2?
2
Let h(r) = -98*r - 156. Let o(j) = 20*j + 31. Let u(q) = -6*h(q) - 28*o(q). What is the hundreds digit of u(5)?
2
Suppose 3*g = 56 - 59. Let s be (15*g + 1)*30/7. What is the hundreds digit of 1718/8 + (-15)/s?
2
Let q(j) = 589*j**2 - 155*j + 586. What is the tens digit of q(4)?
9
Let g(w) = -141*w + 77. Let n be g(3). What is the units digit of (n/5)/(46/(-115))?
3
Let f = 642 + -1077. What is the hundreds digit of (4 - f) + ((-6)/(-6))/1?
4
Let p(i) = -21*i - 94. Let x be p(-5). Suppose -x*o + 2817 = -7622. What is the tens digit of o?
4
What is the tens digit of ((-254)/2159 - 21/255) + (-398202)/(-10)?
2
Let x be (0 + (-6)/9)/((-2)/1872). Let k = 402 + x. What is the tens digit of k?
2
Suppose 3*z - 26382 = s, 0 = 4*z - 3*s - 41940 + 6764. What is the tens digit of z?
9
What is the hundreds digit of ((-2976)/(-60))/(3/450) + -5?
4
Suppose 5*j - 35161 = -b, 4*j - 280987 = -8*b + 7*j. What is the units digit of b?
6
Let f(w) = w**2 - 2. Let s(d) = 8*d**3 - d**2 + d. Let u be 2 + (1 + -2)*(8 + -5). Let z be s(u). What is the units digit of f(z)?
8
Suppose w = -4*h + 164261, 4*h - 27*w = -25*w + 164246. What is the units digit of h?
4
Suppose 44653 - 350940 = -53*k. What is the units digit of k?
9
Let a(t) be the second derivative of 85*t**3/3 + 31*t**2/2 - 14*t + 6. What is the units digit of a(1)?
1
Let y(x) = -2*x**2 + x + 3506. Let r be y(0). Suppose -9*i + 3604 = -r. What is the units digit of i?
0
Let l be (-34)/4*-2 + 84/28. Suppose l + 10 = -3*y. Let x(h) = -7*h + 10. What is the units digit of x(y)?
0
Let r(s) = 85*s - 81. Let n be r(7). Suppose 6*z = 5*z + n. What is the tens digit of z?
1
Suppose 2730 + 2802 = -12*p. Let z = p + 928. What is the units digit of z?
7
Let h be (5/(-4))/(((-9)/(-12))/(-3)). Let u(i) = i**2 - 5*i + 4. Let o be u(h). Suppose -2*m = 5*p - 132, o*m + p - 264 = -3*p. What is the tens digit of m?
6
Let d(v) = 32*v**3 - 104*v**2 - 22*v + 26. Let m(n) = 11*n**3 - 35*n**2 - 8*n + 9. Let k(x) = 6*d(x) - 17*m(x). What is the tens digit of k(6)?
6
Suppose 166*w = 67*w + 80*w + 98553. What is the hundreds digit of w?
1
Suppose 0 = -3*r - 5*h + 11918, 43*r - 39*r = 4*h + 15848. What is the tens digit of r?
6
Let g = 5508 - -8707. What is the thousands digit of g?
4
Let p = 82498 + -38876. What is the units digit of p?
2
Let f = 1582 - 1076. Suppose 19*i = f + 2420. What is the tens digit of i?
5
Let m = 18 - 10. Suppose 339 = -m*q + 5531. Suppose -8*y + 2129 = q. What is the units digit of y?
5
Let f(v) = 9*v + 48. Let w be f(-5). Suppose 4*h - y - 941 = 467, 0 = w*h - 5*y - 1073. What is the tens digit of h?
5
Let g(f) = 3*f**2 + 5*f - 8. Let s(p) = -7*p**2 - 10*p + 17. Let z(x) = -5*g(x) - 2*s(x). Let m be z(-7). What is the tens digit of 4/m + (-2 - 334/(-4))?
8
What is the tens digit of -54 + 53 - (-1349)/1?
4
Let j be (-4)/1*6/(-8). Suppose 746 = 2*i - b - 621, j*b + 2735 = 4*i. What is the hundreds digit of i?
6
Let y = 102 + -32. Let h = 19 - 13. Suppose -h*g = -g - y. What is the tens digit of g?
1
Let h(k) = 12*k - 23. Let i(g) = 2*g**2 - 20*g - 37. Let v be i(12). What is the units digit of h(v)?
9
Let o(i) = -5*i - 17. Let b be o(-5). Let n be (b/12)/(6/(-9)). What is the units digit of n/((-2)/288) + (22 - 25)?
1
Let b = 15056 + 58461. What is the ten thousands digit of b?
7
Suppose 2*x - 53496 = p - 8537, -x + 22482 = -3*p. What is the ten thousands digit of x?
2
Suppose -27 = -d + x, -5*x + 29 = 2*d - 2*x. Let v be (-30 - 18)/(-12) + 376/1. Suppose -18*u + d*u = v. What is the units digit of u?
5
Let k be 2/14 - (-225)/(-105). Let w be -3 - (-2 + k + -1*366). Suppose 0 = 5*b - 2*h - w, -8 = 5*h - 3. What is the tens digit of b?
7
Let w(z) be the first derivative of -z**4/4 - z**3 + 17. Let b be w(-3). Suppose b*r - 5*m + 315 = 5*r, -116 = -2*r - 4*m. What is the units digit of r?
8
Suppose u - 5407 = -3*x - 111, 5*x - 8832 = u. What is the thousands digit of x?
1
Let l = 805 + -572. Suppose -m + 18 - 4 = -3*v, 0 = -5*v - 20. Suppose 0 = m*y - l + 87. What is the units digit of y?
3
Suppose 3*z + 4*f = 56444, 221*z = 217*z - f + 75237. What is the tens digit of z?
0
Let s be (12/(-14))/(12 + 508/(-42)). Suppose -s*z + 6953 = 257. What is the units digit of z?
4
What is the tens digit of 11*(1098/(-15))/((-7)/(4515/6))?
5
Suppose -3*a - 6 = 5*m - 365, -a = 3*m - 113. Let l = 192 - a. What is the units digit of l?
4
Suppose 666528 = -18*q + 114*q. What is the thousands digit of q?
6
Suppose 0 = -2*l - 39 + 47. Suppose l*r = -2*y + 64, -r = -7*y + 4*y + 89. Let g = y + 256. What is the units digit of g?
6
Let l be (0/(3/(-3)))/(-3 - -1). Suppose 3*t - 9 + l = 0. Suppose 5*y + 95 + 11 = r, t*r - 366 = -y. What is the hundreds digit of r?
1
Let l(n) = 2385*n - 456. What is the thousands digit of l(2)?
4
What is the tens digit of (-2 + 4348/(-3))/((-254)/1143)?
3
Let i(y) = 231*y - 91. Let x be i(-5). Let w = 2500 + x. What is the tens digit of w?
5
Suppose -2*t - 38 = -5*v - 9, 4*t - 4*v = -40. Let c be (5 + t)*3*2/6. What is the tens digit of (4 - (0 - c)) + -1 + 59?
6
Suppose -107315 = 36*d - 70*d + 326831. What is the ten thousands digit of d?
1
Let s(h) = -1045*h**2 + 8*h - 8. Let f(q) = -349*q**2 + 3*q - 3. Let u(j) = 11*f(j) - 4*s(j). What is the units digit of u(1)?
1
Let q be 1/(3*(-7)/(-21)). What is the tens digit of (10976/(-16))/(q + -3)?
4
Let x be (-43)/258 - 50/(-12). Suppose -1718 = -5*j - a, 0 = 4*j - x*a - 814 - 570. What is the units digit of j?
4
Suppose 1680 + 30 = 5*f - 2440. What is the units digit of f?
0
Let u(f) be the first derivative of -f**4/4 - 5*f**3/3 + 4*f**2 - 4*f + 7. Let v be u(-8). Let l = v - 71. What is the tens digit of l?
5
Suppose -26*c + 1407 = -25*c - 5*v, v - 7009 = -5*c. What is the thousands digit of c?
1
Suppose -9411 = 10*p + 5509. Let b = 2659 + p. What is the tens digit of b?
6
What is the units digit of (-1109868)/(-78) - -19 - ((-1)/(-13) + 0)?
8
Suppose 10 = 5*l - 5*n, 2*l - 4*n = -0*l + 4. What is the hundreds digit of 353/(l/12*6)?
3
Let y(p) = 9*p**2 + 104*p - 3978. What is the hundreds digit of y(46)?
8
What is the units digit of (18/9 - 0) + (6 - -1972)?
0
Let x(v) = -6*v**3 + 6*v - 9. Let g be x(3). Let i = g - -315. What is the tens digit of i?
6
Suppose 13 = -10*q + 9*q + 5*f, q - 15 = -2*f. Suppose -687 = -q*x + 1448. What is the tens digit of x?
0
Suppose 84*b - 21033 = 103119. What is the thousands digit of b?
1
Let d(s) = 587*s - 858. What is the thousands digit of d(34)?
9
Suppose -4*z = -147 + 155. What is the tens digit of (-5 - 16)*(-3 - z)?
2
Suppose 4*j - 3*j = 3. Suppose n - 4 = -2*x, 20 = -x - j*x + 5*n. Suppose x = -3*f - k + 295, 220 = 2*f + k - 5*k. What is the hundreds digit of f?
1
Let l(u) = -296*u**3 + 4*u**2 + u - 4. Let a(c) = -c**2 - c + 1. Let n(k) = 3*a(k) + l(k). What is the hundreds digit of n(-1)?
2
What is the units digit of 0*1/2 - (10471 - -17)/(-12)?
4
Let n(k) = -27*k - 18. Let z be n(-10). Let u = 505 - z. Suppose 4*m - u = l, -132 = 4*m + 4*l - 380. What is the tens digit of m?
6
Suppose 0*r + 3*r + z = 101, 5*r - 175 = -5*z. Let k be ((-524)/(-10))/((-15)/(-75)). Suppose r*l = 34*l - k. What is the units digit of l?
2
Suppose 9*p = 12*p - 174. What is the units digit of (p/3)/((-2)/(-6))?
8
Suppose -2*b = -6*f + 4*f - 8538, -b + 4257 = f. What is the hundreds digit of b?
2
Suppose -21 = 2*n + 3*h, -3*h - 11 = n - 2*h. What is the units digit of (-1 + (-1498)/(-6))/((-8)/n)?
3
Let r(y) = -4820*y + 3727. What is the tens digit of r(-5)?
2
Suppose -p + 21 = -c + 2*p, 10 = 5*p. Suppose 4*v - 3*w = 67, 53 = 5*v - 2*w - 29. What is the hundreds digit of v/(-120) - 3557/c?
2
What is the tens digit of 708966/(-135)*(-5)/2?
2
Let y = -1 - -9. Suppose -y = i + 6*n - n, 0 = -5*i + n + 